{"id":26748,"date":"2024-01-29T13:07:38","date_gmt":"2024-01-29T21:07:38","guid":{"rendered":"https:\/\/marylandefc.org\/?page_id=26748"},"modified":"2026-03-03T06:14:20","modified_gmt":"2026-03-03T14:14:20","slug":"recent-impact","status":"publish","type":"page","link":"https:\/\/marylandefc.org\/es\/policy\/recent-impact\/","title":{"rendered":"\u00c9xitos pol\u00edticos recientes"},"content":{"rendered":"<figure itemscope itemtype=\"https:\/\/schema.org\/ImageObject\">\n\t\t\t\t<img decoding=\"async\" src=\"https:\/\/marylandefc.org\/wp-content\/uploads\/2024\/01\/Legislative-impact-Essentials-for-childhood-Maryland-.jpeg\" alt=\"EFC members and partners standing in the Maryland legislature\" height=\"1536\" width=\"2048\" title=\"Impacto legislativo - Elementos esenciales para la infancia en Maryland\" onerror=\"this.style.display='none'\" loading=\"lazy\" \/>\n\t<\/figure>\n\t<h1>IMPACTO POL\u00cdTICO RECIENTE<\/h1>\n\t<h2>Impacto de la pol\u00edtica<\/h2>\n<p>Maryland Essentials for Childhood valora toda acci\u00f3n legislativa, ejecutiva y judicial que contribuya a mejorar nuestros sistemas y brinde orientaci\u00f3n a nuestras agencias. Creemos que todas las pol\u00edticas que implementamos deben promover un desarrollo saludable y reducir las cargas innecesarias para los ni\u00f1os y los adultos en sus vidas.<\/p>\n<p>Tres \u00e9xitos recientes que demuestran ese impacto:\u00a0<\/p>\n<ul>\n<li aria-level=\"1\">Ley de Tiempo para Cuidar de 2022\u00a0<\/li>\n<li aria-level=\"1\">Ley de V\u00edctimas Infantiles de 2023\u00a0<\/li>\n<li aria-level=\"1\">Healing Maryland&#8217;s Trauma Act of 2021<\/li>\n<\/ul>\n\t\t<h2><a href=\"https:\/\/legiscan.com\/MD\/bill\/HB1\/2023\" target=\"_blank\" rel=\"noopener\">Ley de V\u00edctimas Infantiles de 2023<\/a><\/h2><h3>Se elimina el plazo de prescripci\u00f3n para las denuncias de abuso sexual infantil<\/h3>\n<p>El esfuerzo por aprobar la Ley de V\u00edctimas Infantiles requiri\u00f3 a\u00f1os de tenacidad y valent\u00eda por parte de los sobrevivientes de abuso sexual infantil. Bajo el liderazgo de Maryland Essentials for Childhood and Justice4MDSurvivors, un grupo de voluntarios de sobrevivientes, defensores, organizaciones y legisladores abog\u00f3 por la creaci\u00f3n de una legislaci\u00f3n que brindara acceso a la justicia a los sobrevivientes de abuso sexual infantil y... <strong>previene que el abuso sexual infantil ocurra en primer lugar.<\/strong>\u00a0<\/p>\n<p><strong>La nueva ley elimina el plazo de prescripci\u00f3n para demandas civiles por abuso sexual infantil y abre una ventana de recuperaci\u00f3n permanente.<\/strong> Esto brinda a los adultos que se vieron obstaculizados por leyes anteriores la oportunidad de presentar una demanda cuando est\u00e9n listos. Los casos civiles brindan al p\u00fablico un mayor nivel de transparencia. <strong>no s\u00f3lo sobre los presuntos abusadores, sino sobre las instituciones que podr\u00edan haber evitado que el abuso ocurriera.\u00a0<\/strong><\/p>\n<p>Esta legislaci\u00f3n ofrece otra oportunidad para que las instituciones p\u00fablicas y privadas revisen sus pol\u00edticas y procedimientos para la prevenci\u00f3n del abuso sexual infantil. <strong>Tambi\u00e9n brinda la oportunidad de exigir responsabilidades a aquellas instituciones que no hicieron lo suficiente para mantener seguros a los ni\u00f1os. <\/strong><\/p>\n\t\t\t<a href=\"https:\/\/legiscan.com\/MD\/bill\/HB1\/2023\" target=\"_blank\" rel=\"noopener\">\n\t\t\t\t\t\tLea la ley\n\t\t\t\t\t<\/a>\n<figure itemscope itemtype=\"https:\/\/schema.org\/ImageObject\">\n\t\t\t\t<img decoding=\"async\" src=\"https:\/\/marylandefc.org\/wp-content\/uploads\/2024\/02\/Kathryn-Robb-and-Delegate-CT-Wilson-scaled.jpg\" alt=\"Kathryn Robb and Delegate CT Wilson\" height=\"2560\" width=\"1932\" title=\"Kathryn Robb y el delegado CT Wilson\" onerror=\"this.style.display='none'\" loading=\"lazy\" \/>\n\t\t<figcaption>Kathryn Robb y el delegado CT Wilson<\/figcaption>\n\t<\/figure>\n\t<h3>Kathryn Robb<br \/>\nDirector Ejecutivo de Child USAdvocacy<\/h3>\n<blockquote><p>La Ley de V\u00edctimas Infantiles de Maryland es una de las mejores del pa\u00eds porque no s\u00f3lo brinda justicia a todos los sobrevivientes sino que tambi\u00e9n protege a los ni\u00f1os en el futuro.<\/p><\/blockquote>\n<h3>\n\t\t\tLa Ley de V\u00edctimas Infantiles est\u00e1 encabezada por\t<\/h3>\n<figure itemscope itemtype=\"https:\/\/schema.org\/ImageObject\">\n\t\t\t\t<img decoding=\"async\" src=\"https:\/\/marylandefc.org\/wp-content\/uploads\/2024\/01\/MEFC_Logo-RGB.svg\" alt=\"Maryland Essentials for Childhood logo\" height=\"247\" width=\"758\" title=\"MEFC_Logotipo-RGB\" onerror=\"this.style.display='none'\" loading=\"lazy\" \/>\n\t<\/figure>\n<figure itemscope itemtype=\"https:\/\/schema.org\/ImageObject\">\n\t\t\t\t<img decoding=\"async\" src=\"https:\/\/marylandefc.org\/wp-content\/uploads\/2024\/01\/J4MDS_logo.webp\" alt=\"Justice 4 MD Survivors logo\" height=\"216\" width=\"570\" title=\"Logotipo de J4MDS\" onerror=\"this.style.display='none'\" loading=\"lazy\" \/>\n\t<\/figure>\n\t\t<h2><a href=\"https:\/\/legiscan.com\/MD\/bill\/SB275\/2022\" target=\"_blank\" rel=\"noopener\">Ley de Tiempo para Cuidar de 2022<\/a><\/h2><h3>Licencia m\u00e9dica y familiar remunerada<\/h3>\n<p>Bajo el liderazgo de Maryland Family Network y otras organizaciones clave, la <a href=\"https:\/\/www.timetocare.net\/\" target=\"_blank\" rel=\"noopener\">Coalici\u00f3n Time to Care<\/a> reuni\u00f3 a personas, organizaciones y legisladores que abogaron durante a\u00f1os para crear consenso para una pieza legislativa que impactar\u00eda positivamente a las familias durante generaciones. <\/p>\n<p>Maryland Essentials for Childhood y nuestros socios est\u00e1bamos orgullosos de ser miembros de la coalici\u00f3n y de sumar nuestras voces y esfuerzos para hacer de la licencia familiar remunerada una realidad en Maryland.<\/p>\n<p>La nueva ley crea una <b>Fondo de seguro para proporcionar un reemplazo parcial del salario a los trabajadores que se toman tiempo fuera de sus trabajos para cuidar a nuevos beb\u00e9s, a sus seres queridos con graves problemas de salud o discapacidades o a ellos mismos.<\/b><\/p>\n\t\t\t<a href=\"https:\/\/legiscan.com\/MD\/bill\/SB275\/2022\" target=\"_blank\" rel=\"noopener\">\n\t\t\t\t\t\tLea la ley\n\t\t\t\t\t<\/a>\n\t<p>Sabemos que la licencia remunerada para las nuevas madres es un factor que contribuye a mejorar la salud mental y f\u00edsica de la madre y del nuevo beb\u00e9. <\/p>\n<p><strong>La licencia paga beneficia a las familias, permiti\u00e9ndoles tiempo para la conexi\u00f3n social y emocional en esas primeras semanas juntos como familia. <\/strong><\/p>\n<figure data-animation-delay=\"0\" data-animation-duration=\"1\" itemscope itemtype=\"https:\/\/schema.org\/ImageObject\">\n\t\t\t\t<img decoding=\"async\" src=\"https:\/\/marylandefc.org\/wp-content\/uploads\/2024\/02\/Parents-at-home-in-nursery-with-child-on-paid-time-off.jpg\" alt=\"Parents in nursery with child\" height=\"800\" width=\"1200\" title=\"Padres en casa en la guarder\u00eda con el ni\u00f1o en tiempo libre remunerado\" onerror=\"this.style.display='none'\" loading=\"lazy\" \/>\n\t<\/figure>\n<figure itemscope itemtype=\"https:\/\/schema.org\/ImageObject\">\n\t\t\t\t<img decoding=\"async\" src=\"https:\/\/marylandefc.org\/wp-content\/uploads\/2024\/01\/ashley-schappell.jpeg\" alt=\"Ashley Schappell photo\" height=\"800\" width=\"800\" title=\"Ashley Schappell\" onerror=\"this.style.display='none'\" loading=\"lazy\" \/>\n\t<\/figure>\n<h4>\n\t\t\tAshely Schappell D&#8217;Inverno, PhD\t<\/h4>\n<h5>\n\t\t\tDivisi\u00f3n de Prevenci\u00f3n de la Violencia de los Centros para el Control y la Prevenci\u00f3n de Enfermedades\t<\/h5>\n\t<blockquote><p>La licencia parental remunerada puede reducir el estr\u00e9s financiero, permitir que los padres se concentren en el v\u00ednculo con sus hijos y aumentar la igualdad de g\u00e9nero cuando los padres tienen m\u00e1s tiempo para participar en las tareas de cuidado infantil.<\/p>\n<p>Todos estos efectos positivos repercuten en beneficio del ni\u00f1o y de la familia en su conjunto.<\/p><\/blockquote>\n\t\t\t<a href=\"https:\/\/paidleave.maryland.gov\/Pages\/default.aspx\" target=\"_blank\" rel=\"noopener\">\n\t\t\t\t\t\tAprende m\u00e1s\n\t\t\t\t\t<\/a>\n<h3>\n\t\t\tLa ley Time to Care est\u00e1 encabezada por:\t<\/h3>\n<figure itemscope itemtype=\"https:\/\/schema.org\/ImageObject\">\n\t\t\t\t<img decoding=\"async\" src=\"https:\/\/marylandefc.org\/wp-content\/uploads\/2024\/01\/Time-to-Care-Logo.png\" alt=\"Time to Care Logo\" height=\"1120\" width=\"1120\" title=\"Logotipo de Time to Care\" onerror=\"this.style.display='none'\" loading=\"lazy\" \/>\n\t<\/figure>\n<figure itemscope itemtype=\"https:\/\/schema.org\/ImageObject\">\n\t\t\t\t<img decoding=\"async\" src=\"https:\/\/marylandefc.org\/wp-content\/uploads\/2024\/01\/Marylanf-Family-Network-Logo.jpg\" alt=\"Maryland Family Network logo\" height=\"259\" width=\"477\" title=\"Logotipo de la red familiar Marylanf\" onerror=\"this.style.display='none'\" loading=\"lazy\" \/>\n\t<\/figure>\n\t<h2>Healing Maryland&#8217;s Trauma Act of 2021<\/h2>\n<h2>Comisi\u00f3n de Atenci\u00f3n Informada sobre el Trauma<\/h2>\n<p>En 2021, el entonces gobernador Larry Hogan emiti\u00f3 una Orden Ejecutiva sobre Experiencias Adversas en la Infancia. <\/p>\n\t\t<h3>El 6 de mayo es el D\u00eda de Concientizaci\u00f3n sobre las Experiencias Adversas en la Infancia<\/h3>\t\n\t<figure itemscope itemtype=\"https:\/\/schema.org\/ImageObject\">\n\t\t\t\t<img decoding=\"async\" src=\"https:\/\/marylandefc.org\/wp-content\/uploads\/2024\/02\/Person-holding-someones-hand-to-comfort-during-trauma.jpg\" alt=\"Person holding someones hand to comfort during trauma\" height=\"800\" width=\"1200\" title=\"Persona que toma la mano de alguien para consolarlo durante un trauma.\" onerror=\"this.style.display='none'\" loading=\"lazy\" \/>\n\t<\/figure>\n\t<h3>Comisi\u00f3n de Atenci\u00f3n Informada sobre el Trauma<\/h3>\n<p>Ese mismo mes, la Asamblea General de Maryland aprob\u00f3 una ley que establec\u00eda la Comisi\u00f3n de Atenci\u00f3n Basada en Traumas.<\/p>\n<p>The Commission&#8217;s role is to coordinate a statewide initiative to prioritize the trauma-responsive and trauma-informed delivery of State services that affect children, youth, families, and older adults.\u00a0<\/p>\n<p>En 2022, el gobernador Wes Moore se convirti\u00f3 en el primer candidato a nivel nacional para un cargo pol\u00edtico de alto nivel en crear una plataforma de campa\u00f1a sobre las ACE y el trauma.<\/p>\n<h3>\n\t\t\tSigue leyendo\t<\/h3>\n\t\t\t<a href=\"https:\/\/goccp.maryland.gov\/councils-commissions-and-workgroups\/commission-on-trauma-informed-care\/\" target=\"_blank\" rel=\"noopener\">\n\t\t\t\t\t\tKeep reading about Maryland&#8217;s Commission on Trauma Informed Care\n\t\t\t\t\t<\/a>\n\t\t\t<a href=\"https:\/\/legiscan.com\/MD\/bill\/HB548\/2021\" target=\"_blank\" rel=\"noopener\">\n\t\t\t\t\t\t2021: Trauma Informed Care Commission and Training (Healing Maryland&#8217;s Trauma Act) HB548 \/ SB299\n\t\t\t\t\t<\/a>\n\t\t\t<a href=\"\/wp-content\/uploads\/2024\/01\/Maryland-Governors-ACEs-Executive-Order-5-6-21.pdf\"  target=\"_blank\" rel=\"noopener\">\n\t\t\t\t\t\tRead Governor Hogan&#8217;s Executive Order\n\t\t\t\t\t<\/a>\n\t\t\t<a href=\"https:\/\/wesmoore.com\/wp-content\/uploads\/2022\/06\/Wes-Moore-For-Maryland-Trauma-Informed-Care-One-Pager.pdf%20\" target=\"_blank\" rel=\"noopener\">\n\t\t\t\t\t\tRead Governor Moore&#8217;s ACEs and Trauma Campaign Platform\n\t\t\t\t\t<\/a>","protected":false},"excerpt":{"rendered":"<p>RECENT POLICY IMPACT Policy Impact Maryland Essentials for Childhood values all legislative, executive and judicial action that works to improve our systems and provides guidance to our agencies. We believe that every policy we set should promote healthy development and reduce unnecessary burdens on children and the adults in their lives. Three recent successes that&hellip;<\/p>","protected":false},"author":1,"featured_media":27091,"parent":3255,"menu_order":0,"comment_status":"closed","ping_status":"closed","template":"","meta":{"footnotes":""},"class_list":["post-26748","page","type-page","status-publish","has-post-thumbnail","hentry"],"_links":{"self":[{"href":"https:\/\/marylandefc.org\/es\/wp-json\/wp\/v2\/pages\/26748","targetHints":{"allow":["GET"]}}],"collection":[{"href":"https:\/\/marylandefc.org\/es\/wp-json\/wp\/v2\/pages"}],"about":[{"href":"https:\/\/marylandefc.org\/es\/wp-json\/wp\/v2\/types\/page"}],"author":[{"embeddable":true,"href":"https:\/\/marylandefc.org\/es\/wp-json\/wp\/v2\/users\/1"}],"replies":[{"embeddable":true,"href":"https:\/\/marylandefc.org\/es\/wp-json\/wp\/v2\/comments?post=26748"}],"version-history":[{"count":0,"href":"https:\/\/marylandefc.org\/es\/wp-json\/wp\/v2\/pages\/26748\/revisions"}],"up":[{"embeddable":true,"href":"https:\/\/marylandefc.org\/es\/wp-json\/wp\/v2\/pages\/3255"}],"wp:featuredmedia":[{"embeddable":true,"href":"https:\/\/marylandefc.org\/es\/wp-json\/wp\/v2\/media\/27091"}],"wp:attachment":[{"href":"https:\/\/marylandefc.org\/es\/wp-json\/wp\/v2\/media?parent=26748"}],"curies":[{"name":"gracias","href":"https:\/\/api.w.org\/{rel}","templated":true}]}}

Éxitos políticos recientes

<figure itemscope itemtype="https://schema.org/ImageObject">
				<img decoding="async" src="https://marylandefc.org/wp-content/uploads/2024/01/Legislative-impact-Essentials-for-childhood-Maryland-.jpeg" alt="EFC members and partners standing in the Maryland legislature" height="1536" width="2048" title="Impacto legislativo - Elementos esenciales para la infancia en Maryland" onerror="this.style.display='none'" loading="lazy" />
	</figure>
	<h1>IMPACTO POLÍTICO RECIENTE</h1>
	<h2>Impacto de la política</h2>
<p>Maryland Essentials for Childhood valora toda acción legislativa, ejecutiva y judicial que contribuya a mejorar nuestros sistemas y brinde orientación a nuestras agencias. Creemos que todas las políticas que implementamos deben promover un desarrollo saludable y reducir las cargas innecesarias para los niños y los adultos en sus vidas.</p>
<p>Tres éxitos recientes que demuestran ese impacto: </p>
<ul>
<li aria-level="1">Ley de Tiempo para Cuidar de 2022 </li>
<li aria-level="1">Ley de Víctimas Infantiles de 2023 </li>
<li aria-level="1">Healing Maryland&#8217;s Trauma Act of 2021</li>
</ul>
		<h2><a href="https://legiscan.com/MD/bill/HB1/2023" target="_blank" rel="noopener">Ley de Víctimas Infantiles de 2023</a></h2><h3>Se elimina el plazo de prescripción para las denuncias de abuso sexual infantil</h3>
<p>El esfuerzo por aprobar la Ley de Víctimas Infantiles requirió años de tenacidad y valentía por parte de los sobrevivientes de abuso sexual infantil. Bajo el liderazgo de Maryland Essentials for Childhood and Justice4MDSurvivors, un grupo de voluntarios de sobrevivientes, defensores, organizaciones y legisladores abogó por la creación de una legislación que brindara acceso a la justicia a los sobrevivientes de abuso sexual infantil y... <strong>previene que el abuso sexual infantil ocurra en primer lugar.</strong> </p>
<p><strong>La nueva ley elimina el plazo de prescripción para demandas civiles por abuso sexual infantil y abre una ventana de recuperación permanente.</strong> Esto brinda a los adultos que se vieron obstaculizados por leyes anteriores la oportunidad de presentar una demanda cuando estén listos. Los casos civiles brindan al público un mayor nivel de transparencia. <strong>no sólo sobre los presuntos abusadores, sino sobre las instituciones que podrían haber evitado que el abuso ocurriera. </strong></p>
<p>Esta legislación ofrece otra oportunidad para que las instituciones públicas y privadas revisen sus políticas y procedimientos para la prevención del abuso sexual infantil. <strong>También brinda la oportunidad de exigir responsabilidades a aquellas instituciones que no hicieron lo suficiente para mantener seguros a los niños. </strong></p>
			<a href="https://legiscan.com/MD/bill/HB1/2023" target="_blank" rel="noopener">
						Lea la ley
					</a>
<figure itemscope itemtype="https://schema.org/ImageObject">
				<img decoding="async" src="https://marylandefc.org/wp-content/uploads/2024/02/Kathryn-Robb-and-Delegate-CT-Wilson-scaled.jpg" alt="Kathryn Robb and Delegate CT Wilson" height="2560" width="1932" title="Kathryn Robb y el delegado CT Wilson" onerror="this.style.display='none'" loading="lazy" />
		<figcaption>Kathryn Robb y el delegado CT Wilson</figcaption>
	</figure>
	<h3>Kathryn Robb<br />
Director Ejecutivo de Child USAdvocacy</h3>
<blockquote><p>La Ley de Víctimas Infantiles de Maryland es una de las mejores del país porque no sólo brinda justicia a todos los sobrevivientes sino que también protege a los niños en el futuro.</p></blockquote>
<h3>
			La Ley de Víctimas Infantiles está encabezada por	</h3>
<figure itemscope itemtype="https://schema.org/ImageObject">
				<img decoding="async" src="https://marylandefc.org/wp-content/uploads/2024/01/MEFC_Logo-RGB.svg" alt="Maryland Essentials for Childhood logo" height="247" width="758" title="MEFC_Logotipo-RGB" onerror="this.style.display='none'" loading="lazy" />
	</figure>
<figure itemscope itemtype="https://schema.org/ImageObject">
				<img decoding="async" src="https://marylandefc.org/wp-content/uploads/2024/01/J4MDS_logo.webp" alt="Justice 4 MD Survivors logo" height="216" width="570" title="Logotipo de J4MDS" onerror="this.style.display='none'" loading="lazy" />
	</figure>
		<h2><a href="https://legiscan.com/MD/bill/SB275/2022" target="_blank" rel="noopener">Ley de Tiempo para Cuidar de 2022</a></h2><h3>Licencia médica y familiar remunerada</h3>
<p>Bajo el liderazgo de Maryland Family Network y otras organizaciones clave, la <a href="https://www.timetocare.net/" target="_blank" rel="noopener">Coalición Time to Care</a> reunió a personas, organizaciones y legisladores que abogaron durante años para crear consenso para una pieza legislativa que impactaría positivamente a las familias durante generaciones. </p>
<p>Maryland Essentials for Childhood y nuestros socios estábamos orgullosos de ser miembros de la coalición y de sumar nuestras voces y esfuerzos para hacer de la licencia familiar remunerada una realidad en Maryland.</p>
<p>La nueva ley crea una <b>Fondo de seguro para proporcionar un reemplazo parcial del salario a los trabajadores que se toman tiempo fuera de sus trabajos para cuidar a nuevos bebés, a sus seres queridos con graves problemas de salud o discapacidades o a ellos mismos.</b></p>
			<a href="https://legiscan.com/MD/bill/SB275/2022" target="_blank" rel="noopener">
						Lea la ley
					</a>
	<p>Sabemos que la licencia remunerada para las nuevas madres es un factor que contribuye a mejorar la salud mental y física de la madre y del nuevo bebé. </p>
<p><strong>La licencia paga beneficia a las familias, permitiéndoles tiempo para la conexión social y emocional en esas primeras semanas juntos como familia. </strong></p>
<figure data-animation-delay="0" data-animation-duration="1" itemscope itemtype="https://schema.org/ImageObject">
				<img decoding="async" src="https://marylandefc.org/wp-content/uploads/2024/02/Parents-at-home-in-nursery-with-child-on-paid-time-off.jpg" alt="Parents in nursery with child" height="800" width="1200" title="Padres en casa en la guardería con el niño en tiempo libre remunerado" onerror="this.style.display='none'" loading="lazy" />
	</figure>
<figure itemscope itemtype="https://schema.org/ImageObject">
				<img decoding="async" src="https://marylandefc.org/wp-content/uploads/2024/01/ashley-schappell.jpeg" alt="Ashley Schappell photo" height="800" width="800" title="Ashley Schappell" onerror="this.style.display='none'" loading="lazy" />
	</figure>
<h4>
			Ashely Schappell D&#8217;Inverno, PhD	</h4>
<h5>
			División de Prevención de la Violencia de los Centros para el Control y la Prevención de Enfermedades	</h5>
	<blockquote><p>La licencia parental remunerada puede reducir el estrés financiero, permitir que los padres se concentren en el vínculo con sus hijos y aumentar la igualdad de género cuando los padres tienen más tiempo para participar en las tareas de cuidado infantil.</p>
<p>Todos estos efectos positivos repercuten en beneficio del niño y de la familia en su conjunto.</p></blockquote>
			<a href="https://paidleave.maryland.gov/Pages/default.aspx" target="_blank" rel="noopener">
						Aprende más
					</a>
<h3>
			La ley Time to Care está encabezada por:	</h3>
<figure itemscope itemtype="https://schema.org/ImageObject">
				<img decoding="async" src="https://marylandefc.org/wp-content/uploads/2024/01/Time-to-Care-Logo.png" alt="Time to Care Logo" height="1120" width="1120" title="Logotipo de Time to Care" onerror="this.style.display='none'" loading="lazy" />
	</figure>
<figure itemscope itemtype="https://schema.org/ImageObject">
				<img decoding="async" src="https://marylandefc.org/wp-content/uploads/2024/01/Marylanf-Family-Network-Logo.jpg" alt="Maryland Family Network logo" height="259" width="477" title="Logotipo de la red familiar Marylanf" onerror="this.style.display='none'" loading="lazy" />
	</figure>
	<h2>Healing Maryland&#8217;s Trauma Act of 2021</h2>
<h2>Comisión de Atención Informada sobre el Trauma</h2>
<p>En 2021, el entonces gobernador Larry Hogan emitió una Orden Ejecutiva sobre Experiencias Adversas en la Infancia. </p>
		<h3>El 6 de mayo es el Día de Concientización sobre las Experiencias Adversas en la Infancia</h3>	
	<figure itemscope itemtype="https://schema.org/ImageObject">
				<img decoding="async" src="https://marylandefc.org/wp-content/uploads/2024/02/Person-holding-someones-hand-to-comfort-during-trauma.jpg" alt="Person holding someones hand to comfort during trauma" height="800" width="1200" title="Persona que toma la mano de alguien para consolarlo durante un trauma." onerror="this.style.display='none'" loading="lazy" />
	</figure>
	<h3>Comisión de Atención Informada sobre el Trauma</h3>
<p>Ese mismo mes, la Asamblea General de Maryland aprobó una ley que establecía la Comisión de Atención Basada en Traumas.</p>
<p>The Commission&#8217;s role is to coordinate a statewide initiative to prioritize the trauma-responsive and trauma-informed delivery of State services that affect children, youth, families, and older adults. </p>
<p>En 2022, el gobernador Wes Moore se convirtió en el primer candidato a nivel nacional para un cargo político de alto nivel en crear una plataforma de campaña sobre las ACE y el trauma.</p>
<h3>
			Sigue leyendo	</h3>
			<a href="https://goccp.maryland.gov/councils-commissions-and-workgroups/commission-on-trauma-informed-care/" target="_blank" rel="noopener">
						Keep reading about Maryland&#8217;s Commission on Trauma Informed Care
					</a>
			<a href="https://legiscan.com/MD/bill/HB548/2021" target="_blank" rel="noopener">
						2021: Trauma Informed Care Commission and Training (Healing Maryland&#8217;s Trauma Act) HB548 / SB299
					</a>
			<a href="/wp-content/uploads/2024/01/Maryland-Governors-ACEs-Executive-Order-5-6-21.pdf"  target="_blank" rel="noopener">
						Read Governor Hogan&#8217;s Executive Order
					</a>
			<a href="https://wesmoore.com/wp-content/uploads/2022/06/Wes-Moore-For-Maryland-Trauma-Informed-Care-One-Pager.pdf%20" target="_blank" rel="noopener">
						Read Governor Moore&#8217;s ACEs and Trauma Campaign Platform
					</a>
