{"id":26575,"date":"2024-01-18T14:47:11","date_gmt":"2024-01-18T22:47:11","guid":{"rendered":"https:\/\/marylandefc.org\/?page_id=26575"},"modified":"2025-04-10T11:40:36","modified_gmt":"2025-04-10T18:40:36","slug":"how-we-work","status":"publish","type":"page","link":"https:\/\/marylandefc.org\/fr\/partners\/how-we-work\/","title":{"rendered":"Comment nous travaillons"},"content":{"rendered":"<img loading=\"lazy\" decoding=\"async\" src=\"https:\/\/marylandefc.org\/wp-content\/uploads\/2024\/02\/Group-of-community-members-workign-together.jpg\" alt=\"Group of community members working together\" itemprop=\"image\" height=\"800\" width=\"1200\" title=\"Groupe de membres de la communaut\u00e9 travaillant ensemble\" onerror=\"this.style.display='none'\"  \/>\n\t<h1>COMMENT NOUS TRAVAILLONS<\/h1>\n\t<h2>Notre processus<\/h2>\n<p>EFC reconna\u00eet que la r\u00e9alisation de notre vision d&#039;un \u00c9tat o\u00f9 tous les enfants, les jeunes et leurs familles s&#039;\u00e9panouissent dans des relations et des environnements s\u00fbrs, stables et bienveillants n\u00e9cessitera l&#039;action de multiples syst\u00e8mes publics et priv\u00e9s. C&#039;est pourquoi notre travail repose sur la collaboration et un programme commun pour orienter nos \u00e9changes et d\u00e9finir notre strat\u00e9gie. <\/p>\n\t<h2>Collaboration<\/h2>\n<p>Travaillant dans diff\u00e9rents secteurs, du gouvernement aux organisations \u00e0 but non lucratif, de l&#039;enseignement sup\u00e9rieur aux groupes de d\u00e9fense communautaires, Maryland EFC reconna\u00eet l&#039;importance d&#039;offrir \u00e0 chacun la possibilit\u00e9 de participer au processus. En encourageant et en accueillant un large \u00e9ventail de voix pour se faire entendre, nous formulons des recommandations fond\u00e9es sur la science, guid\u00e9es par la recherche et \u00e9clair\u00e9es par l&#039;exp\u00e9rience v\u00e9cue.\u00a0<\/p>\n<p>Dans certains domaines, l\u2019EFC fait preuve de leadership en formulant des recommandations politiques, en d\u00e9fendant les int\u00e9r\u00eats des l\u00e9gislateurs et en cr\u00e9ant une coalition de partenaires. Dans d\u2019autres cas, l\u2019EFC pr\u00eate son expertise \u00e0 d\u2019autres organisations et fait des pr\u00e9sentations \u00e0 des leaders d\u2019opinion de tout le pays. Notre processus nous permet d\u2019\u00eatre r\u00e9actifs sur le moment, de diriger lorsque cela est n\u00e9cessaire et de collaborer avec d\u2019autres. <\/p>\n\t\t\t\t<img loading=\"lazy\" decoding=\"async\" src=\"https:\/\/marylandefc.org\/wp-content\/uploads\/2024\/02\/Legislators-Dave--scaled.jpg\" alt=\"Legislators gathered at EFC award ceremony\" itemprop=\"image\" height=\"2410\" width=\"2560\" title=\"Les l\u00e9gislateurs et Dave\" onerror=\"this.style.display='none'\"  \/>\n\t\t<h2>Agenda commun<\/h2><h3>Les efforts de Maryland Essentials for Childhood suivent ces principes directeurs\u00a0:<\/h3>\n\t\t<h3>1. Assurer des relations et des environnements s\u00fbrs, stables et enrichissants<\/h3><p>afin que tous les enfants et toutes les familles puissent r\u00e9aliser pleinement leur potentiel en tant que citoyens autonomes, engag\u00e9s socialement et productifs.<\/p>\n\t\t<h3>2. Maintenir une collaboration entre plusieurs secteurs<\/h3><p>de mener des activit\u00e9s strat\u00e9giques et mutuellement renfor\u00e7antes, align\u00e9es sur notre programme commun.<\/p>\n\t\t<h3>3. La r\u00e9alisation de nos objectifs n\u00e9cessite des changements dans de multiples syst\u00e8mes,<\/h3><p>en mettant l\u2019accent sur les grands d\u00e9terminants sociaux et \u00e9conomiques, l\u2019\u00e9volution des normes sociales et des politiques gouvernementales et institutionnelles.<\/p>\n\t\t<h3>4. Les syst\u00e8mes de mise \u00e0 la terre changent selon les meilleures preuves disponibles<\/h3><p>et s\u2019efforce continuellement d\u2019am\u00e9liorer la qualit\u00e9 des programmes, des services et des syst\u00e8mes.<\/p>\n\t\t<h3>5. Offrir des soins culturellement et linguistiquement adapt\u00e9s<\/h3><p>\u00e0 ceux qui sont servis dans le cadre des programmes, des services et des syst\u00e8mes.<\/p>\n\t\t<h3>6. Prendre des mesures pour r\u00e9duire les in\u00e9galit\u00e9s et les disparit\u00e9s<\/h3><p>qui sont \u00e9vitables, injustes et \u00e9vitables afin d\u2019am\u00e9liorer la sant\u00e9 et le bien-\u00eatre g\u00e9n\u00e9ral des enfants.<\/p>\n\t\t\t<a href=\"https:\/\/marylandefc.org\/wp-content\/uploads\/2024\/01\/Maryland-Common-Agenda-Document-10-3.docx.pdf\" target=\"_blank\" rel=\"noopener\">\n\t\t\t\t\t\tContinuer \u00e0 lire\n\t\t\t\t\t<\/a>\n\t\t\t\t<img loading=\"lazy\" decoding=\"async\" src=\"https:\/\/marylandefc.org\/wp-content\/uploads\/2025\/04\/MD-EFC-Awards-full-group.jpg\" alt=\"MD EFC Awards Full Group\" itemprop=\"image\" height=\"1920\" width=\"1920\" title=\"Prix MD-EFC-groupe complet\" onerror=\"this.style.display='none'\"  \/>\n\t<h3>Prix de leadership SCCAN et MD EFC<\/h3>\n<p>Depuis 2019, <a href=\"\/fr\/about\/how-we-started\/\">avec le SCCAN<\/a>, L\u2019EFC a d\u00e9cern\u00e9 des prix \u00e0 des personnes et organisations cl\u00e9s dans les cat\u00e9gories suivantes pour leur vision, leur d\u00e9vouement et leur engagement exceptionnels envers les politiques ACE et de r\u00e9silience \u00e9clair\u00e9es\u00a0:\u00a0<\/p>\n<h4>L\u00e9gislateur de l\u2019ann\u00e9e :<\/h4>\n<ul>\n<li>D\u00e9l\u00e9gu\u00e9 2019 CT Wilson<\/li>\n<li>D\u00e9put\u00e9 2020 Elijah Cummings, d\u00e9cern\u00e9 \u00e0 titre posthume<\/li>\n<li>S\u00e9nateur 2023 William C. Smith, Jr.<\/li>\n<\/ul>\n<p>En 2023, le prix Legislative Leadership Legacy Award a \u00e9t\u00e9 d\u00e9cern\u00e9 au d\u00e9l\u00e9gu\u00e9 CT Wilson en reconnaissance de son soutien profond et ind\u00e9fectible aux enfants et de son engagement \u00e0 rechercher la justice pour les survivants.\u00a0<\/p>\n<h4>Partenaire communautaire de l\u2019ann\u00e9e :<\/h4>\n<ul>\n<li>2018 Le conseil d&#039;administration et le personnel de The Family Tree<\/li>\n<li>2019 Le conseil d&#039;administration et le personnel de No More Stolen Childhoods<\/li>\n<li>2024 Centre Taghi Modarressi d&#039;\u00e9tudes sur les nourrissons, UMMS<\/li>\n<\/ul>\n<h4>Avocat de l&#039;ann\u00e9e : <\/h4>\n<ul>\n<li>2018 Frank Kros, MSW, JD<\/li>\n<li>Joan L. Stine, MHS, MS, 2019<\/li>\n<li>2022 Wendy G. Lane, docteure en m\u00e9decine, MPH<\/li>\n<li>2024 D&#039;Lisa Worthy, M.Ed<\/li>\n<\/ul>","protected":false},"excerpt":{"rendered":"<p>NOTRE M\u00c9THODE DE TRAVAIL Notre processus EFC reconna\u00eet que la r\u00e9alisation de notre vision d&#039;un \u00c9tat o\u00f9 tous les enfants, les jeunes et leurs familles s&#039;\u00e9panouissent dans des relations et des environnements s\u00fbrs, stables et bienveillants n\u00e9cessitera des actions concert\u00e9es au sein de multiples syst\u00e8mes publics et priv\u00e9s. C&#039;est pourquoi notre travail repose sur la collaboration et un programme commun pour orienter nos \u00e9changes\u2026<\/p>","protected":false},"author":1,"featured_media":27464,"parent":26571,"menu_order":0,"comment_status":"closed","ping_status":"closed","template":"","meta":{"footnotes":""},"class_list":["post-26575","page","type-page","status-publish","has-post-thumbnail","hentry"],"_links":{"self":[{"href":"https:\/\/marylandefc.org\/fr\/wp-json\/wp\/v2\/pages\/26575","targetHints":{"allow":["GET"]}}],"collection":[{"href":"https:\/\/marylandefc.org\/fr\/wp-json\/wp\/v2\/pages"}],"about":[{"href":"https:\/\/marylandefc.org\/fr\/wp-json\/wp\/v2\/types\/page"}],"author":[{"embeddable":true,"href":"https:\/\/marylandefc.org\/fr\/wp-json\/wp\/v2\/users\/1"}],"replies":[{"embeddable":true,"href":"https:\/\/marylandefc.org\/fr\/wp-json\/wp\/v2\/comments?post=26575"}],"version-history":[{"count":0,"href":"https:\/\/marylandefc.org\/fr\/wp-json\/wp\/v2\/pages\/26575\/revisions"}],"up":[{"embeddable":true,"href":"https:\/\/marylandefc.org\/fr\/wp-json\/wp\/v2\/pages\/26571"}],"wp:featuredmedia":[{"embeddable":true,"href":"https:\/\/marylandefc.org\/fr\/wp-json\/wp\/v2\/media\/27464"}],"wp:attachment":[{"href":"https:\/\/marylandefc.org\/fr\/wp-json\/wp\/v2\/media?parent=26575"}],"curies":[{"name":"wp","href":"https:\/\/api.w.org\/{rel}","templated":true}]}}

<img loading="lazy" decoding="async" src="https://marylandefc.org/wp-content/uploads/2024/02/Group-of-community-members-workign-together.jpg" alt="Group of community members working together" itemprop="image" height="800" width="1200" title="Groupe de membres de la communauté travaillant ensemble" onerror="this.style.display='none'"  />
	<h1>COMMENT NOUS TRAVAILLONS</h1>
	<h2>Notre processus</h2>
<p>EFC reconnaît que la réalisation de notre vision d&#039;un État où tous les enfants, les jeunes et leurs familles s&#039;épanouissent dans des relations et des environnements sûrs, stables et bienveillants nécessitera l&#039;action de multiples systèmes publics et privés. C&#039;est pourquoi notre travail repose sur la collaboration et un programme commun pour orienter nos échanges et définir notre stratégie. </p>
	<h2>Collaboration</h2>
<p>Travaillant dans différents secteurs, du gouvernement aux organisations à but non lucratif, de l&#039;enseignement supérieur aux groupes de défense communautaires, Maryland EFC reconnaît l&#039;importance d&#039;offrir à chacun la possibilité de participer au processus. En encourageant et en accueillant un large éventail de voix pour se faire entendre, nous formulons des recommandations fondées sur la science, guidées par la recherche et éclairées par l&#039;expérience vécue. </p>
<p>Dans certains domaines, l’EFC fait preuve de leadership en formulant des recommandations politiques, en défendant les intérêts des législateurs et en créant une coalition de partenaires. Dans d’autres cas, l’EFC prête son expertise à d’autres organisations et fait des présentations à des leaders d’opinion de tout le pays. Notre processus nous permet d’être réactifs sur le moment, de diriger lorsque cela est nécessaire et de collaborer avec d’autres. </p>
				<img loading="lazy" decoding="async" src="https://marylandefc.org/wp-content/uploads/2024/02/Legislators-Dave--scaled.jpg" alt="Legislators gathered at EFC award ceremony" itemprop="image" height="2410" width="2560" title="Les législateurs et Dave" onerror="this.style.display='none'"  />
		<h2>Agenda commun</h2><h3>Les efforts de Maryland Essentials for Childhood suivent ces principes directeurs :</h3>
		<h3>1. Assurer des relations et des environnements sûrs, stables et enrichissants</h3><p>afin que tous les enfants et toutes les familles puissent réaliser pleinement leur potentiel en tant que citoyens autonomes, engagés socialement et productifs.</p>
		<h3>2. Maintenir une collaboration entre plusieurs secteurs</h3><p>de mener des activités stratégiques et mutuellement renforçantes, alignées sur notre programme commun.</p>
		<h3>3. La réalisation de nos objectifs nécessite des changements dans de multiples systèmes,</h3><p>en mettant l’accent sur les grands déterminants sociaux et économiques, l’évolution des normes sociales et des politiques gouvernementales et institutionnelles.</p>
		<h3>4. Les systèmes de mise à la terre changent selon les meilleures preuves disponibles</h3><p>et s’efforce continuellement d’améliorer la qualité des programmes, des services et des systèmes.</p>
		<h3>5. Offrir des soins culturellement et linguistiquement adaptés</h3><p>à ceux qui sont servis dans le cadre des programmes, des services et des systèmes.</p>
		<h3>6. Prendre des mesures pour réduire les inégalités et les disparités</h3><p>qui sont évitables, injustes et évitables afin d’améliorer la santé et le bien-être général des enfants.</p>
			<a href="https://marylandefc.org/wp-content/uploads/2024/01/Maryland-Common-Agenda-Document-10-3.docx.pdf" target="_blank" rel="noopener">
						Continuer à lire
					</a>
				<img loading="lazy" decoding="async" src="https://marylandefc.org/wp-content/uploads/2025/04/MD-EFC-Awards-full-group.jpg" alt="MD EFC Awards Full Group" itemprop="image" height="1920" width="1920" title="Prix MD-EFC-groupe complet" onerror="this.style.display='none'"  />
	<h3>Prix de leadership SCCAN et MD EFC</h3>
<p>Depuis 2019, <a href="/fr/about/how-we-started/">avec le SCCAN</a>, L’EFC a décerné des prix à des personnes et organisations clés dans les catégories suivantes pour leur vision, leur dévouement et leur engagement exceptionnels envers les politiques ACE et de résilience éclairées : </p>
<h4>Législateur de l’année :</h4>
<ul>
<li>Délégué 2019 CT Wilson</li>
<li>Député 2020 Elijah Cummings, décerné à titre posthume</li>
<li>Sénateur 2023 William C. Smith, Jr.</li>
</ul>
<p>En 2023, le prix Legislative Leadership Legacy Award a été décerné au délégué CT Wilson en reconnaissance de son soutien profond et indéfectible aux enfants et de son engagement à rechercher la justice pour les survivants. </p>
<h4>Partenaire communautaire de l’année :</h4>
<ul>
<li>2018 Le conseil d&#039;administration et le personnel de The Family Tree</li>
<li>2019 Le conseil d&#039;administration et le personnel de No More Stolen Childhoods</li>
<li>2024 Centre Taghi Modarressi d&#039;études sur les nourrissons, UMMS</li>
</ul>
<h4>Avocat de l&#039;année : </h4>
<ul>
<li>2018 Frank Kros, MSW, JD</li>
<li>Joan L. Stine, MHS, MS, 2019</li>
<li>2022 Wendy G. Lane, docteure en médecine, MPH</li>
<li>2024 D&#039;Lisa Worthy, M.Ed</li>
</ul>

<p>NOTRE MÉTHODE DE TRAVAIL Notre processus EFC reconnaît que la réalisation de notre vision d&#039;un État où tous les enfants, les jeunes et leurs familles s&#039;épanouissent dans des relations et des environnements sûrs, stables et bienveillants nécessitera des actions concertées au sein de multiples systèmes publics et privés. C&#039;est pourquoi notre travail repose sur la collaboration et un programme commun pour orienter nos échanges…</p>
