{"id":26748,"date":"2024-01-29T13:07:38","date_gmt":"2024-01-29T21:07:38","guid":{"rendered":"https:\/\/marylandefc.org\/?page_id=26748"},"modified":"2026-03-03T06:14:20","modified_gmt":"2026-03-03T14:14:20","slug":"recent-impact","status":"publish","type":"page","link":"https:\/\/marylandefc.org\/ht\/policy\/recent-impact\/","title":{"rendered":"Siks\u00e8 politik ki sot pase yo"},"content":{"rendered":"<figure itemscope itemtype=\"https:\/\/schema.org\/ImageObject\">\n\t\t\t\t<img decoding=\"async\" src=\"https:\/\/marylandefc.org\/wp-content\/uploads\/2024\/01\/Legislative-impact-Essentials-for-childhood-Maryland-.jpeg\" alt=\"EFC members and partners standing in the Maryland legislature\" height=\"1536\" width=\"2048\" title=\"Enpak lejislatif - Essentials pou timoun nan Maryland\" onerror=\"this.style.display='none'\" loading=\"lazy\" \/>\n\t<\/figure>\n\t<h1>ENPAS POLITIK D\u00e8nye<\/h1>\n\t<h2>Enpak politik<\/h2>\n<p>Maryland Essentials for Childhood apresye tout aksyon lejislatif, egzekitif ak jidisy\u00e8 ki travay pou amelyore sist\u00e8m nou yo epi ki bay ajans nou yo kons\u00e8y. Nou kw\u00e8 ke chak politik nou tabli ta dwe ankouraje devlopman an sante epi redwi fado ki pa neses\u00e8 sou timoun ak granmoun yo nan lavi yo.<\/p>\n<p>Twa d\u00e8nye siks\u00e8 ki demontre enpak sa a:\u00a0<\/p>\n<ul>\n<li aria-level=\"1\">Lwa 2022 tan pou pran swen\u00a0<\/li>\n<li aria-level=\"1\">Lwa sou timoun ki viktim nan 2023\u00a0<\/li>\n<li aria-level=\"1\">Healing Maryland&#8217;s Trauma Act of 2021<\/li>\n<\/ul>\n\t\t<h2><a href=\"https:\/\/legiscan.com\/MD\/bill\/HB1\/2023\" target=\"_blank\" rel=\"noopener\">Lwa sou timoun ki viktim nan 2023<\/a><\/h2><h3>Lwa limit yo retire pou reklamasyon abi seksy\u00e8l sou timoun<\/h3>\n<p>Ef\u00f2 pou yo te pase Lwa sou Timoun Viktim yo te mande plizy\u00e8 ane tenasite ak kouraj sou pati sivivan abi seksy\u00e8l sou timoun yo. Anba lid\u00e8chip Maryland Essentials for Childhood and Justice4MDSurvivors, yon gwoup sivivan, defans\u00e8, \u00f2ganizasyon, ak lejislat\u00e8 ki te dirije ak volont\u00e8 te defann kreye lejislasyon ki te bay aks\u00e8 a jistis pou sivivan abi seksy\u00e8l sou timoun yo. <strong>anpeche abi seksy\u00e8l sou timoun rive an premye.<\/strong>\u00a0<\/p>\n<p><strong>Nouvo lwa a elimine lwa preskripsyon pou reklamasyon sivil abi seksy\u00e8l sou timoun epi li louvri yon fen\u00e8t renesans p\u00e8manan.<\/strong> Sa bay granmoun ki te antrave pa lwa pase yo, op\u00f2tinite pou depoze pwos\u00e8 l\u00e8 yo pare. Ka sivil bay piblik la yon pi gwo nivo divilgasyon bay piblik la, <strong>pa s\u00e8lman sou moun ki sisp\u00e8k abiz\u00e8 yo men sou enstitisyon yo ki te kapab anpeche abi yo rive.\u00a0<\/strong><\/p>\n<p>Lejislasyon sa a bay yon l\u00f2t op\u00f2tinite pou enstitisyon piblik ak prive yo revize r\u00e8gleman yo ak pwosedi yo pou prevansyon abi seksy\u00e8l sou timoun. <strong>Li bay tou yon op\u00f2tinite pou rann kont ech\u00e8k menm enstitisyon sa yo ki pa t f\u00e8 ase pou kenbe timoun yo an sekirite. <\/strong><\/p>\n\t\t\t<a href=\"https:\/\/legiscan.com\/MD\/bill\/HB1\/2023\" target=\"_blank\" rel=\"noopener\">\n\t\t\t\t\t\tLi lalwa\n\t\t\t\t\t<\/a>\n<figure itemscope itemtype=\"https:\/\/schema.org\/ImageObject\">\n\t\t\t\t<img decoding=\"async\" src=\"https:\/\/marylandefc.org\/wp-content\/uploads\/2024\/02\/Kathryn-Robb-and-Delegate-CT-Wilson-scaled.jpg\" alt=\"Kathryn Robb and Delegate CT Wilson\" height=\"2560\" width=\"1932\" title=\"Kathryn Robb ak Delege CT Wilson\" onerror=\"this.style.display='none'\" loading=\"lazy\" \/>\n\t\t<figcaption>Kathryn Robb ak Delege CT Wilson<\/figcaption>\n\t<\/figure>\n\t<h3>Kathryn Robb<br \/>\nDirekt\u00e8 Egzekitif Child USAdvocacy<\/h3>\n<blockquote><p>Maryland Child Victims Act se youn nan pi bon nan peyi a paske li non s\u00e8lman bay jistis pou tout sivivan yo, men tou li pwoteje timoun yo nan lavni.<\/p><\/blockquote>\n<h3>\n\t\t\tLwa sou Viktim Timoun yo dirije pa\t<\/h3>\n<figure itemscope itemtype=\"https:\/\/schema.org\/ImageObject\">\n\t\t\t\t<img decoding=\"async\" src=\"https:\/\/marylandefc.org\/wp-content\/uploads\/2024\/01\/MEFC_Logo-RGB.svg\" alt=\"Maryland Essentials for Childhood logo\" height=\"247\" width=\"758\" title=\"MEFC_Logo-RGB\" onerror=\"this.style.display='none'\" loading=\"lazy\" \/>\n\t<\/figure>\n<figure itemscope itemtype=\"https:\/\/schema.org\/ImageObject\">\n\t\t\t\t<img decoding=\"async\" src=\"https:\/\/marylandefc.org\/wp-content\/uploads\/2024\/01\/J4MDS_logo.webp\" alt=\"Justice 4 MD Survivors logo\" height=\"216\" width=\"570\" title=\"J4MDS_logo\" onerror=\"this.style.display='none'\" loading=\"lazy\" \/>\n\t<\/figure>\n\t\t<h2><a href=\"https:\/\/legiscan.com\/MD\/bill\/SB275\/2022\" target=\"_blank\" rel=\"noopener\">Lwa 2022 tan pou pran swen<\/a><\/h2><h3>Peye Fanmi ak Konje Medikal<\/h3>\n<p>Anba lid\u00e8chip Maryland Family Network ak l\u00f2t \u00f2ganizasyon kle yo, la <a href=\"https:\/\/www.timetocare.net\/\" target=\"_blank\" rel=\"noopener\">Time to Care Coalition<\/a> te reyini ansanm moun, \u00f2ganizasyon ak lejislat\u00e8 ki te defann pandan plizy\u00e8 ane pou konstwi yon konsansis pou yon moso lejislasyon ki ta gen yon enpak pozitif sou fanmi yo pou jenerasyon. <\/p>\n<p>Maryland Essentials for Childhood ak patn\u00e8 nou yo te fy\u00e8 d\u00e8ske yo te manm kowalisyon an epi ajoute vwa nou ak ef\u00f2 nou yo pou f\u00e8 kite fanmi peye yon reyalite nan Maryland.<\/p>\n<p>Nouvo lwa a kreye yon <b>fon asirans pou bay ranplasman pasy\u00e8l sal\u00e8 pou travay\u00e8 ki pran tan kite travay yo pou pran swen nouvo tibebe, moun yo renmen ki gen pwobl\u00e8m sante grav oswa andikap oswa t\u00e8t yo.<\/b><\/p>\n\t\t\t<a href=\"https:\/\/legiscan.com\/MD\/bill\/SB275\/2022\" target=\"_blank\" rel=\"noopener\">\n\t\t\t\t\t\tLi lalwa\n\t\t\t\t\t<\/a>\n\t<p>Nou konnen konje peye pou nouvo manman yo se yon fakt\u00e8 ki kontribiye pou amelyore rezilta sante mantal ak fizik pou manman an ak nouvo tibebe a. <\/p>\n<p><strong>Konje peye benefis fanmi yo ki p\u00e8m\u00e8t tan pou koneksyon sosyal ak emosyon\u00e8l nan premye sem\u00e8n sa yo ansanm k\u00f2m yon fanmi. <\/strong><\/p>\n<figure data-animation-delay=\"0\" data-animation-duration=\"1\" itemscope itemtype=\"https:\/\/schema.org\/ImageObject\">\n\t\t\t\t<img decoding=\"async\" src=\"https:\/\/marylandefc.org\/wp-content\/uploads\/2024\/02\/Parents-at-home-in-nursery-with-child-on-paid-time-off.jpg\" alt=\"Parents in nursery with child\" height=\"800\" width=\"1200\" title=\"Paran yo lakay yo nan pepiny\u00e8 ak timoun nan konje peye\" onerror=\"this.style.display='none'\" loading=\"lazy\" \/>\n\t<\/figure>\n<figure itemscope itemtype=\"https:\/\/schema.org\/ImageObject\">\n\t\t\t\t<img decoding=\"async\" src=\"https:\/\/marylandefc.org\/wp-content\/uploads\/2024\/01\/ashley-schappell.jpeg\" alt=\"Ashley Schappell photo\" height=\"800\" width=\"800\" title=\"Ashley Schappell\" onerror=\"this.style.display='none'\" loading=\"lazy\" \/>\n\t<\/figure>\n<h4>\n\t\t\tAshely Schappell D&#8217;Inverno, PhD\t<\/h4>\n<h5>\n\t\t\tDivizyon Prevansyon Vyolans nan Sant pou Kontw\u00f2l ak Prevansyon Maladi\t<\/h5>\n\t<blockquote><p>Konje paran peye ka diminye estr\u00e8s finansye, p\u00e8m\u00e8t paran yo konsantre sou lyezon ak pitit yo, epi ogmante egalite s\u00e8ks l\u00e8 papa yo gen plis tan yo patisipe nan devwa gadri.<\/p>\n<p>Tout ef\u00e8 pozitif sa yo koule pou benefisye timoun nan ak fanmi an antye.<\/p><\/blockquote>\n\t\t\t<a href=\"https:\/\/paidleave.maryland.gov\/Pages\/default.aspx\" target=\"_blank\" rel=\"noopener\">\n\t\t\t\t\t\tAprann plis\n\t\t\t\t\t<\/a>\n<h3>\n\t\t\tLwa Tan pou Swen an dirije pa:\t<\/h3>\n<figure itemscope itemtype=\"https:\/\/schema.org\/ImageObject\">\n\t\t\t\t<img decoding=\"async\" src=\"https:\/\/marylandefc.org\/wp-content\/uploads\/2024\/01\/Time-to-Care-Logo.png\" alt=\"Time to Care Logo\" height=\"1120\" width=\"1120\" title=\"Time to Care Logo\" onerror=\"this.style.display='none'\" loading=\"lazy\" \/>\n\t<\/figure>\n<figure itemscope itemtype=\"https:\/\/schema.org\/ImageObject\">\n\t\t\t\t<img decoding=\"async\" src=\"https:\/\/marylandefc.org\/wp-content\/uploads\/2024\/01\/Marylanf-Family-Network-Logo.jpg\" alt=\"Maryland Family Network logo\" height=\"259\" width=\"477\" title=\"Marylanf Family Network Logo\" onerror=\"this.style.display='none'\" loading=\"lazy\" \/>\n\t<\/figure>\n\t<h2>Healing Maryland&#8217;s Trauma Act of 2021<\/h2>\n<h2>Komisyon sou Swen Ch\u00f2k-Enf\u00f2me<\/h2>\n<p>An 2021, L\u00e8 sa a, Gouv\u00e8n\u00e8 Larry Hogan te pibliye yon Dekr\u00e8 Egzekitif sou Eksperyans Adv\u00e8se nan Timoun. <\/p>\n\t\t<h3>6 me se Jounen Konsyantizasyon Eksperyans Adv\u00e8se Timoun<\/h3>\t\n\t<figure itemscope itemtype=\"https:\/\/schema.org\/ImageObject\">\n\t\t\t\t<img decoding=\"async\" src=\"https:\/\/marylandefc.org\/wp-content\/uploads\/2024\/02\/Person-holding-someones-hand-to-comfort-during-trauma.jpg\" alt=\"Person holding someones hand to comfort during trauma\" height=\"800\" width=\"1200\" title=\"Moun ki kenbe men yon moun pou rekonf\u00f2te pandan ch\u00f2k\" onerror=\"this.style.display='none'\" loading=\"lazy\" \/>\n\t<\/figure>\n\t<h3>Komisyon sou Swen Ch\u00f2k-Enf\u00f2me<\/h3>\n<p>Nan menm mwa a, Asanble Jeneral Maryland la te pase lejislasyon ki tabli Komisyon sou Swen Ch\u00f2k-Enf\u00f2me.<\/p>\n<p>The Commission&#8217;s role is to coordinate a statewide initiative to prioritize the trauma-responsive and trauma-informed delivery of State services that affect children, youth, families, and older adults.\u00a0<\/p>\n<p>An 2022, Gouv\u00e8n\u00e8 Wes Moore te vin premye kandida nan tout peyi a pou biwo politik wo nivo pou kreye yon platf\u00f2m kanpay sou ACE ak ch\u00f2k.<\/p>\n<h3>\n\t\t\tKontinye Lekti\t<\/h3>\n\t\t\t<a href=\"https:\/\/goccp.maryland.gov\/councils-commissions-and-workgroups\/commission-on-trauma-informed-care\/\" target=\"_blank\" rel=\"noopener\">\n\t\t\t\t\t\tKeep reading about Maryland&#8217;s Commission on Trauma Informed Care\n\t\t\t\t\t<\/a>\n\t\t\t<a href=\"https:\/\/legiscan.com\/MD\/bill\/HB548\/2021\" target=\"_blank\" rel=\"noopener\">\n\t\t\t\t\t\t2021: Trauma Informed Care Commission and Training (Healing Maryland&#8217;s Trauma Act) HB548 \/ SB299\n\t\t\t\t\t<\/a>\n\t\t\t<a href=\"\/wp-content\/uploads\/2024\/01\/Maryland-Governors-ACEs-Executive-Order-5-6-21.pdf\"  target=\"_blank\" rel=\"noopener\">\n\t\t\t\t\t\tRead Governor Hogan&#8217;s Executive Order\n\t\t\t\t\t<\/a>\n\t\t\t<a href=\"https:\/\/wesmoore.com\/wp-content\/uploads\/2022\/06\/Wes-Moore-For-Maryland-Trauma-Informed-Care-One-Pager.pdf%20\" target=\"_blank\" rel=\"noopener\">\n\t\t\t\t\t\tRead Governor Moore&#8217;s ACEs and Trauma Campaign Platform\n\t\t\t\t\t<\/a>","protected":false},"excerpt":{"rendered":"<p>RECENT POLICY IMPACT Policy Impact Maryland Essentials for Childhood values all legislative, executive and judicial action that works to improve our systems and provides guidance to our agencies. We believe that every policy we set should promote healthy development and reduce unnecessary burdens on children and the adults in their lives. Three recent successes that&hellip;<\/p>","protected":false},"author":1,"featured_media":27091,"parent":3255,"menu_order":0,"comment_status":"closed","ping_status":"closed","template":"","meta":{"footnotes":""},"class_list":["post-26748","page","type-page","status-publish","has-post-thumbnail","hentry"],"_links":{"self":[{"href":"https:\/\/marylandefc.org\/ht\/wp-json\/wp\/v2\/pages\/26748","targetHints":{"allow":["GET"]}}],"collection":[{"href":"https:\/\/marylandefc.org\/ht\/wp-json\/wp\/v2\/pages"}],"about":[{"href":"https:\/\/marylandefc.org\/ht\/wp-json\/wp\/v2\/types\/page"}],"author":[{"embeddable":true,"href":"https:\/\/marylandefc.org\/ht\/wp-json\/wp\/v2\/users\/1"}],"replies":[{"embeddable":true,"href":"https:\/\/marylandefc.org\/ht\/wp-json\/wp\/v2\/comments?post=26748"}],"version-history":[{"count":0,"href":"https:\/\/marylandefc.org\/ht\/wp-json\/wp\/v2\/pages\/26748\/revisions"}],"up":[{"embeddable":true,"href":"https:\/\/marylandefc.org\/ht\/wp-json\/wp\/v2\/pages\/3255"}],"wp:featuredmedia":[{"embeddable":true,"href":"https:\/\/marylandefc.org\/ht\/wp-json\/wp\/v2\/media\/27091"}],"wp:attachment":[{"href":"https:\/\/marylandefc.org\/ht\/wp-json\/wp\/v2\/media?parent=26748"}],"curies":[{"name":"wp","href":"https:\/\/api.w.org\/{rel}","templated":true}]}}

Siksè politik ki sot pase yo

<figure itemscope itemtype="https://schema.org/ImageObject">
				<img decoding="async" src="https://marylandefc.org/wp-content/uploads/2024/01/Legislative-impact-Essentials-for-childhood-Maryland-.jpeg" alt="EFC members and partners standing in the Maryland legislature" height="1536" width="2048" title="Enpak lejislatif - Essentials pou timoun nan Maryland" onerror="this.style.display='none'" loading="lazy" />
	</figure>
	<h1>ENPAS POLITIK Dènye</h1>
	<h2>Enpak politik</h2>
<p>Maryland Essentials for Childhood apresye tout aksyon lejislatif, egzekitif ak jidisyè ki travay pou amelyore sistèm nou yo epi ki bay ajans nou yo konsèy. Nou kwè ke chak politik nou tabli ta dwe ankouraje devlopman an sante epi redwi fado ki pa nesesè sou timoun ak granmoun yo nan lavi yo.</p>
<p>Twa dènye siksè ki demontre enpak sa a: </p>
<ul>
<li aria-level="1">Lwa 2022 tan pou pran swen </li>
<li aria-level="1">Lwa sou timoun ki viktim nan 2023 </li>
<li aria-level="1">Healing Maryland&#8217;s Trauma Act of 2021</li>
</ul>
		<h2><a href="https://legiscan.com/MD/bill/HB1/2023" target="_blank" rel="noopener">Lwa sou timoun ki viktim nan 2023</a></h2><h3>Lwa limit yo retire pou reklamasyon abi seksyèl sou timoun</h3>
<p>Efò pou yo te pase Lwa sou Timoun Viktim yo te mande plizyè ane tenasite ak kouraj sou pati sivivan abi seksyèl sou timoun yo. Anba lidèchip Maryland Essentials for Childhood and Justice4MDSurvivors, yon gwoup sivivan, defansè, òganizasyon, ak lejislatè ki te dirije ak volontè te defann kreye lejislasyon ki te bay aksè a jistis pou sivivan abi seksyèl sou timoun yo. <strong>anpeche abi seksyèl sou timoun rive an premye.</strong> </p>
<p><strong>Nouvo lwa a elimine lwa preskripsyon pou reklamasyon sivil abi seksyèl sou timoun epi li louvri yon fenèt renesans pèmanan.</strong> Sa bay granmoun ki te antrave pa lwa pase yo, opòtinite pou depoze pwosè lè yo pare. Ka sivil bay piblik la yon pi gwo nivo divilgasyon bay piblik la, <strong>pa sèlman sou moun ki sispèk abizè yo men sou enstitisyon yo ki te kapab anpeche abi yo rive. </strong></p>
<p>Lejislasyon sa a bay yon lòt opòtinite pou enstitisyon piblik ak prive yo revize règleman yo ak pwosedi yo pou prevansyon abi seksyèl sou timoun. <strong>Li bay tou yon opòtinite pou rann kont echèk menm enstitisyon sa yo ki pa t fè ase pou kenbe timoun yo an sekirite. </strong></p>
			<a href="https://legiscan.com/MD/bill/HB1/2023" target="_blank" rel="noopener">
						Li lalwa
					</a>
<figure itemscope itemtype="https://schema.org/ImageObject">
				<img decoding="async" src="https://marylandefc.org/wp-content/uploads/2024/02/Kathryn-Robb-and-Delegate-CT-Wilson-scaled.jpg" alt="Kathryn Robb and Delegate CT Wilson" height="2560" width="1932" title="Kathryn Robb ak Delege CT Wilson" onerror="this.style.display='none'" loading="lazy" />
		<figcaption>Kathryn Robb ak Delege CT Wilson</figcaption>
	</figure>
	<h3>Kathryn Robb<br />
Direktè Egzekitif Child USAdvocacy</h3>
<blockquote><p>Maryland Child Victims Act se youn nan pi bon nan peyi a paske li non sèlman bay jistis pou tout sivivan yo, men tou li pwoteje timoun yo nan lavni.</p></blockquote>
<h3>
			Lwa sou Viktim Timoun yo dirije pa	</h3>
<figure itemscope itemtype="https://schema.org/ImageObject">
				<img decoding="async" src="https://marylandefc.org/wp-content/uploads/2024/01/MEFC_Logo-RGB.svg" alt="Maryland Essentials for Childhood logo" height="247" width="758" title="MEFC_Logo-RGB" onerror="this.style.display='none'" loading="lazy" />
	</figure>
<figure itemscope itemtype="https://schema.org/ImageObject">
				<img decoding="async" src="https://marylandefc.org/wp-content/uploads/2024/01/J4MDS_logo.webp" alt="Justice 4 MD Survivors logo" height="216" width="570" title="J4MDS_logo" onerror="this.style.display='none'" loading="lazy" />
	</figure>
		<h2><a href="https://legiscan.com/MD/bill/SB275/2022" target="_blank" rel="noopener">Lwa 2022 tan pou pran swen</a></h2><h3>Peye Fanmi ak Konje Medikal</h3>
<p>Anba lidèchip Maryland Family Network ak lòt òganizasyon kle yo, la <a href="https://www.timetocare.net/" target="_blank" rel="noopener">Time to Care Coalition</a> te reyini ansanm moun, òganizasyon ak lejislatè ki te defann pandan plizyè ane pou konstwi yon konsansis pou yon moso lejislasyon ki ta gen yon enpak pozitif sou fanmi yo pou jenerasyon. </p>
<p>Maryland Essentials for Childhood ak patnè nou yo te fyè dèske yo te manm kowalisyon an epi ajoute vwa nou ak efò nou yo pou fè kite fanmi peye yon reyalite nan Maryland.</p>
<p>Nouvo lwa a kreye yon <b>fon asirans pou bay ranplasman pasyèl salè pou travayè ki pran tan kite travay yo pou pran swen nouvo tibebe, moun yo renmen ki gen pwoblèm sante grav oswa andikap oswa tèt yo.</b></p>
			<a href="https://legiscan.com/MD/bill/SB275/2022" target="_blank" rel="noopener">
						Li lalwa
					</a>
	<p>Nou konnen konje peye pou nouvo manman yo se yon faktè ki kontribiye pou amelyore rezilta sante mantal ak fizik pou manman an ak nouvo tibebe a. </p>
<p><strong>Konje peye benefis fanmi yo ki pèmèt tan pou koneksyon sosyal ak emosyonèl nan premye semèn sa yo ansanm kòm yon fanmi. </strong></p>
<figure data-animation-delay="0" data-animation-duration="1" itemscope itemtype="https://schema.org/ImageObject">
				<img decoding="async" src="https://marylandefc.org/wp-content/uploads/2024/02/Parents-at-home-in-nursery-with-child-on-paid-time-off.jpg" alt="Parents in nursery with child" height="800" width="1200" title="Paran yo lakay yo nan pepinyè ak timoun nan konje peye" onerror="this.style.display='none'" loading="lazy" />
	</figure>
<figure itemscope itemtype="https://schema.org/ImageObject">
				<img decoding="async" src="https://marylandefc.org/wp-content/uploads/2024/01/ashley-schappell.jpeg" alt="Ashley Schappell photo" height="800" width="800" title="Ashley Schappell" onerror="this.style.display='none'" loading="lazy" />
	</figure>
<h4>
			Ashely Schappell D&#8217;Inverno, PhD	</h4>
<h5>
			Divizyon Prevansyon Vyolans nan Sant pou Kontwòl ak Prevansyon Maladi	</h5>
	<blockquote><p>Konje paran peye ka diminye estrès finansye, pèmèt paran yo konsantre sou lyezon ak pitit yo, epi ogmante egalite sèks lè papa yo gen plis tan yo patisipe nan devwa gadri.</p>
<p>Tout efè pozitif sa yo koule pou benefisye timoun nan ak fanmi an antye.</p></blockquote>
			<a href="https://paidleave.maryland.gov/Pages/default.aspx" target="_blank" rel="noopener">
						Aprann plis
					</a>
<h3>
			Lwa Tan pou Swen an dirije pa:	</h3>
<figure itemscope itemtype="https://schema.org/ImageObject">
				<img decoding="async" src="https://marylandefc.org/wp-content/uploads/2024/01/Time-to-Care-Logo.png" alt="Time to Care Logo" height="1120" width="1120" title="Time to Care Logo" onerror="this.style.display='none'" loading="lazy" />
	</figure>
<figure itemscope itemtype="https://schema.org/ImageObject">
				<img decoding="async" src="https://marylandefc.org/wp-content/uploads/2024/01/Marylanf-Family-Network-Logo.jpg" alt="Maryland Family Network logo" height="259" width="477" title="Marylanf Family Network Logo" onerror="this.style.display='none'" loading="lazy" />
	</figure>
	<h2>Healing Maryland&#8217;s Trauma Act of 2021</h2>
<h2>Komisyon sou Swen Chòk-Enfòme</h2>
<p>An 2021, Lè sa a, Gouvènè Larry Hogan te pibliye yon Dekrè Egzekitif sou Eksperyans Advèse nan Timoun. </p>
		<h3>6 me se Jounen Konsyantizasyon Eksperyans Advèse Timoun</h3>	
	<figure itemscope itemtype="https://schema.org/ImageObject">
				<img decoding="async" src="https://marylandefc.org/wp-content/uploads/2024/02/Person-holding-someones-hand-to-comfort-during-trauma.jpg" alt="Person holding someones hand to comfort during trauma" height="800" width="1200" title="Moun ki kenbe men yon moun pou rekonfòte pandan chòk" onerror="this.style.display='none'" loading="lazy" />
	</figure>
	<h3>Komisyon sou Swen Chòk-Enfòme</h3>
<p>Nan menm mwa a, Asanble Jeneral Maryland la te pase lejislasyon ki tabli Komisyon sou Swen Chòk-Enfòme.</p>
<p>The Commission&#8217;s role is to coordinate a statewide initiative to prioritize the trauma-responsive and trauma-informed delivery of State services that affect children, youth, families, and older adults. </p>
<p>An 2022, Gouvènè Wes Moore te vin premye kandida nan tout peyi a pou biwo politik wo nivo pou kreye yon platfòm kanpay sou ACE ak chòk.</p>
<h3>
			Kontinye Lekti	</h3>
			<a href="https://goccp.maryland.gov/councils-commissions-and-workgroups/commission-on-trauma-informed-care/" target="_blank" rel="noopener">
						Keep reading about Maryland&#8217;s Commission on Trauma Informed Care
					</a>
			<a href="https://legiscan.com/MD/bill/HB548/2021" target="_blank" rel="noopener">
						2021: Trauma Informed Care Commission and Training (Healing Maryland&#8217;s Trauma Act) HB548 / SB299
					</a>
			<a href="/wp-content/uploads/2024/01/Maryland-Governors-ACEs-Executive-Order-5-6-21.pdf"  target="_blank" rel="noopener">
						Read Governor Hogan&#8217;s Executive Order
					</a>
			<a href="https://wesmoore.com/wp-content/uploads/2022/06/Wes-Moore-For-Maryland-Trauma-Informed-Care-One-Pager.pdf%20" target="_blank" rel="noopener">
						Read Governor Moore&#8217;s ACEs and Trauma Campaign Platform
					</a>
