{"id":26748,"date":"2024-01-29T13:07:38","date_gmt":"2024-01-29T21:07:38","guid":{"rendered":"https:\/\/marylandefc.org\/?page_id=26748"},"modified":"2026-03-03T06:14:20","modified_gmt":"2026-03-03T14:14:20","slug":"recent-impact","status":"publish","type":"page","link":"https:\/\/marylandefc.org\/it\/policy\/recent-impact\/","title":{"rendered":"Successi politici recenti"},"content":{"rendered":"<figure itemscope itemtype=\"https:\/\/schema.org\/ImageObject\">\n\t\t\t\t<img decoding=\"async\" src=\"https:\/\/marylandefc.org\/wp-content\/uploads\/2024\/01\/Legislative-impact-Essentials-for-childhood-Maryland-.jpeg\" alt=\"EFC members and partners standing in the Maryland legislature\" height=\"1536\" width=\"2048\" title=\"Impatto legislativo - Elementi essenziali per l&#039;infanzia nel Maryland\" onerror=\"this.style.display='none'\" loading=\"lazy\" \/>\n\t<\/figure>\n\t<h1>IMPATTO POLITICO RECENTE<\/h1>\n\t<h2>Impatto politico<\/h2>\n<p>Maryland Essentials for Childhood apprezza ogni azione legislativa, esecutiva e giudiziaria che contribuisca a migliorare i nostri sistemi e fornisca indicazioni alle nostre agenzie. Crediamo che ogni politica che definiamo debba promuovere uno sviluppo sano e ridurre inutili oneri per i bambini e gli adulti che li circondano.<\/p>\n<p>Tre recenti successi che dimostrano tale impatto:\u00a0<\/p>\n<ul>\n<li aria-level=\"1\">Legge Time to Care del 2022\u00a0<\/li>\n<li aria-level=\"1\">La legge sulle vittime minorenni del 2023\u00a0<\/li>\n<li aria-level=\"1\">Legge sulla guarigione dei traumi del Maryland del 2021<\/li>\n<\/ul>\n\t\t<h2><a href=\"https:\/\/legiscan.com\/MD\/bill\/HB1\/2023\" target=\"_blank\" rel=\"noopener\">La legge sulle vittime minorenni del 2023<\/a><\/h2><h3>Rimosso il termine di prescrizione per le denunce di abusi sessuali su minori<\/h3>\n<p>Lo sforzo per approvare il Child Victims Act ha richiesto anni di tenacia e coraggio da parte dei sopravvissuti agli abusi sessuali su minori. Sotto la guida di Maryland Essentials for Childhood e Justice4MDSurvivors, un gruppo guidato da volontari composto da sopravvissuti, attivisti, organizzazioni e legislatori, si \u00e8 impegnato a creare una legislazione che garantisse l&#039;accesso alla giustizia ai sopravvissuti agli abusi sessuali su minori e <strong>impedisce in primo luogo che si verifichino abusi sessuali sui minori.<\/strong>\u00a0<\/p>\n<p><strong>La nuova legge elimina il termine di prescrizione per le denunce civili per abusi sessuali su minori e apre una finestra di ripresa permanente.<\/strong> Ci\u00f2 offre agli adulti che sono stati ostacolati da precedenti statuti l&#039;opportunit\u00e0 di intentare causa quando sono pronti. Le cause civili offrono al pubblico un maggiore livello di trasparenza. <strong>non solo sui presunti abusatori, ma anche sulle istituzioni che avrebbero potuto impedire che gli abusi si verificassero.\u00a0<\/strong><\/p>\n<p>Questa legge offre un&#039;ulteriore opportunit\u00e0 alle istituzioni pubbliche e private di rivedere le proprie politiche e procedure per la prevenzione degli abusi sessuali sui minori. <strong>Offre inoltre l&#039;opportunit\u00e0 di chiedere conto delle mancanze di quelle stesse istituzioni che non hanno fatto abbastanza per garantire la sicurezza dei bambini. <\/strong><\/p>\n\t\t\t<a href=\"https:\/\/legiscan.com\/MD\/bill\/HB1\/2023\" target=\"_blank\" rel=\"noopener\">\n\t\t\t\t\t\tLeggi la legge\n\t\t\t\t\t<\/a>\n<figure itemscope itemtype=\"https:\/\/schema.org\/ImageObject\">\n\t\t\t\t<img decoding=\"async\" src=\"https:\/\/marylandefc.org\/wp-content\/uploads\/2024\/02\/Kathryn-Robb-and-Delegate-CT-Wilson-scaled.jpg\" alt=\"Kathryn Robb and Delegate CT Wilson\" height=\"2560\" width=\"1932\" title=\"Kathryn Robb e il delegato CT Wilson\" onerror=\"this.style.display='none'\" loading=\"lazy\" \/>\n\t\t<figcaption>Kathryn Robb e il delegato CT Wilson<\/figcaption>\n\t<\/figure>\n\t<h3>Kathryn Robb<br \/>\nDirettore esecutivo Child USAdvocacy<\/h3>\n<blockquote><p>Il Maryland Child Victims Act \u00e8 uno dei migliori del Paese perch\u00e9 non solo garantisce giustizia a tutti i sopravvissuti, ma protegge anche i bambini in futuro.<\/p><\/blockquote>\n<h3>\n\t\t\tIl Child Victims Act \u00e8 promosso da\t<\/h3>\n<figure itemscope itemtype=\"https:\/\/schema.org\/ImageObject\">\n\t\t\t\t<img decoding=\"async\" src=\"https:\/\/marylandefc.org\/wp-content\/uploads\/2024\/01\/MEFC_Logo-RGB.svg\" alt=\"Maryland Essentials for Childhood logo\" height=\"247\" width=\"758\" title=\"MEFC_Logo-RGB\" onerror=\"this.style.display='none'\" loading=\"lazy\" \/>\n\t<\/figure>\n<figure itemscope itemtype=\"https:\/\/schema.org\/ImageObject\">\n\t\t\t\t<img decoding=\"async\" src=\"https:\/\/marylandefc.org\/wp-content\/uploads\/2024\/01\/J4MDS_logo.webp\" alt=\"Justice 4 MD Survivors logo\" height=\"216\" width=\"570\" title=\"Logo_J4MDS\" onerror=\"this.style.display='none'\" loading=\"lazy\" \/>\n\t<\/figure>\n\t\t<h2><a href=\"https:\/\/legiscan.com\/MD\/bill\/SB275\/2022\" target=\"_blank\" rel=\"noopener\">Legge Time to Care del 2022<\/a><\/h2><h3>Congedo familiare e medico retribuito<\/h3>\n<p>Sotto la guida del Maryland Family Network e di altre organizzazioni chiave, <a href=\"https:\/\/www.timetocare.net\/\" target=\"_blank\" rel=\"noopener\">Coalizione Time to Care<\/a> ha riunito individui, organizzazioni e legislatori che per anni si sono battuti per creare un consenso attorno a un provvedimento legislativo che avrebbe avuto un impatto positivo sulle famiglie per generazioni. <\/p>\n<p>Maryland Essentials for Childhood e i nostri partner sono orgogliosi di essere membri della coalizione e di contribuire con le loro voci e i loro sforzi a rendere il congedo parentale retribuito una realt\u00e0 nel Maryland.<\/p>\n<p>La nuova legge crea un <b>un fondo assicurativo che fornisca una sostituzione parziale della retribuzione ai lavoratori che si assentano dal lavoro per prendersi cura di neonati, di persone care con gravi problemi di salute o disabilit\u00e0, o di se stessi.<\/b><\/p>\n\t\t\t<a href=\"https:\/\/legiscan.com\/MD\/bill\/SB275\/2022\" target=\"_blank\" rel=\"noopener\">\n\t\t\t\t\t\tLeggi la legge\n\t\t\t\t\t<\/a>\n\t<p>Sappiamo che il congedo retribuito per le neomamme \u00e8 un fattore che contribuisce a migliorare la salute fisica e mentale della mamma e del neonato. <\/p>\n<p><strong>Il congedo retribuito \u00e8 vantaggioso per le famiglie, consentendo loro di dedicare tempo ai rapporti sociali ed emotivi durante le prime settimane trascorse insieme come famiglia. <\/strong><\/p>\n<figure data-animation-delay=\"0\" data-animation-duration=\"1\" itemscope itemtype=\"https:\/\/schema.org\/ImageObject\">\n\t\t\t\t<img decoding=\"async\" src=\"https:\/\/marylandefc.org\/wp-content\/uploads\/2024\/02\/Parents-at-home-in-nursery-with-child-on-paid-time-off.jpg\" alt=\"Parents in nursery with child\" height=\"800\" width=\"1200\" title=\"Genitori a casa all&#039;asilo nido con il bambino in ferie retribuite\" onerror=\"this.style.display='none'\" loading=\"lazy\" \/>\n\t<\/figure>\n<figure itemscope itemtype=\"https:\/\/schema.org\/ImageObject\">\n\t\t\t\t<img decoding=\"async\" src=\"https:\/\/marylandefc.org\/wp-content\/uploads\/2024\/01\/ashley-schappell.jpeg\" alt=\"Ashley Schappell photo\" height=\"800\" width=\"800\" title=\"Ashley Schappell\" onerror=\"this.style.display='none'\" loading=\"lazy\" \/>\n\t<\/figure>\n<h4>\n\t\t\tAshely Schappell D&#039;Inverno, PhD\t<\/h4>\n<h5>\n\t\t\tDivisione di prevenzione della violenza presso i Centri per il controllo e la prevenzione delle malattie\t<\/h5>\n\t<blockquote><p>Il congedo parentale retribuito pu\u00f2 ridurre lo stress finanziario, consentire ai genitori di concentrarsi sul legame con i figli e aumentare la parit\u00e0 di genere quando i padri hanno pi\u00f9 tempo per partecipare alle attivit\u00e0 di cura dei figli.<\/p>\n<p>Tutti questi effetti positivi si riversano a beneficio del bambino e della famiglia nel suo complesso.<\/p><\/blockquote>\n\t\t\t<a href=\"https:\/\/paidleave.maryland.gov\/Pages\/default.aspx\" target=\"_blank\" rel=\"noopener\">\n\t\t\t\t\t\tSaperne di pi\u00f9\n\t\t\t\t\t<\/a>\n<h3>\n\t\t\tL&#039;iniziativa Time to Care \u00e8 promossa da:\t<\/h3>\n<figure itemscope itemtype=\"https:\/\/schema.org\/ImageObject\">\n\t\t\t\t<img decoding=\"async\" src=\"https:\/\/marylandefc.org\/wp-content\/uploads\/2024\/01\/Time-to-Care-Logo.png\" alt=\"Time to Care Logo\" height=\"1120\" width=\"1120\" title=\"Logo &quot;Tempo di prendersi cura&quot;\" onerror=\"this.style.display='none'\" loading=\"lazy\" \/>\n\t<\/figure>\n<figure itemscope itemtype=\"https:\/\/schema.org\/ImageObject\">\n\t\t\t\t<img decoding=\"async\" src=\"https:\/\/marylandefc.org\/wp-content\/uploads\/2024\/01\/Marylanf-Family-Network-Logo.jpg\" alt=\"Maryland Family Network logo\" height=\"259\" width=\"477\" title=\"Logo della rete familiare Marylanf\" onerror=\"this.style.display='none'\" loading=\"lazy\" \/>\n\t<\/figure>\n\t<h2>Legge sulla guarigione dei traumi del Maryland del 2021<\/h2>\n<h2>Commissione per l&#039;assistenza informata sui traumi<\/h2>\n<p>Nel 2021, l&#039;allora governatore Larry Hogan ha emesso un ordine esecutivo sulle esperienze negative durante l&#039;infanzia. <\/p>\n\t\t<h3>Il 6 maggio \u00e8 la giornata di sensibilizzazione sulle esperienze infantili negative<\/h3>\t\n\t<figure itemscope itemtype=\"https:\/\/schema.org\/ImageObject\">\n\t\t\t\t<img decoding=\"async\" src=\"https:\/\/marylandefc.org\/wp-content\/uploads\/2024\/02\/Person-holding-someones-hand-to-comfort-during-trauma.jpg\" alt=\"Person holding someones hand to comfort during trauma\" height=\"800\" width=\"1200\" title=\"Persona che tiene la mano di qualcuno per confortarlo durante un trauma\" onerror=\"this.style.display='none'\" loading=\"lazy\" \/>\n\t<\/figure>\n\t<h3>Commissione per l&#039;assistenza informata sui traumi<\/h3>\n<p>Nello stesso mese, l&#039;Assemblea generale del Maryland ha approvato una legge che istituisce la Commissione per l&#039;assistenza informata sui traumi.<\/p>\n<p>Il ruolo della Commissione \u00e8 quello di coordinare un&#039;iniziativa a livello statale per dare priorit\u00e0 all&#039;erogazione di servizi statali che rispondano ai traumi e siano informati sui traumi e che interessino bambini, giovani, famiglie e anziani.\u00a0<\/p>\n<p>Nel 2022, il governatore Wes Moore \u00e8 diventato il primo candidato a livello nazionale per una carica politica di alto livello a creare un programma di campagna elettorale su ACE e traumi.<\/p>\n<h3>\n\t\t\tContinua a leggere\t<\/h3>\n\t\t\t<a href=\"https:\/\/goccp.maryland.gov\/councils-commissions-and-workgroups\/commission-on-trauma-informed-care\/\" target=\"_blank\" rel=\"noopener\">\n\t\t\t\t\t\tContinua a leggere sulla Commissione del Maryland per l&#039;assistenza informata sui traumi\n\t\t\t\t\t<\/a>\n\t\t\t<a href=\"https:\/\/legiscan.com\/MD\/bill\/HB548\/2021\" target=\"_blank\" rel=\"noopener\">\n\t\t\t\t\t\t2021: Commissione per la cura informata sui traumi e formazione (Healing Maryland&#039;s Trauma Act) HB548 \/ SB299\n\t\t\t\t\t<\/a>\n\t\t\t<a href=\"\/wp-content\/uploads\/2024\/01\/Maryland-Governors-ACEs-Executive-Order-5-6-21.pdf\"  target=\"_blank\" rel=\"noopener\">\n\t\t\t\t\t\tLeggi l&#039;ordine esecutivo del governatore Hogan\n\t\t\t\t\t<\/a>\n\t\t\t<a href=\"https:\/\/wesmoore.com\/wp-content\/uploads\/2022\/06\/Wes-Moore-For-Maryland-Trauma-Informed-Care-One-Pager.pdf%20\" target=\"_blank\" rel=\"noopener\">\n\t\t\t\t\t\tLeggi la piattaforma della campagna ACE e Trauma del governatore Moore\n\t\t\t\t\t<\/a>","protected":false},"excerpt":{"rendered":"<p>IMPATTO POLITICO RECENTE Impatto politico Maryland Essentials for Childhood valorizza ogni azione legislativa, esecutiva e giudiziaria che mira a migliorare i nostri sistemi e fornisce indicazioni alle nostre agenzie. Crediamo che ogni politica che definiamo debba promuovere uno sviluppo sano e ridurre inutili oneri per i bambini e gli adulti che li circondano. Tre recenti successi che...<\/p>","protected":false},"author":1,"featured_media":27091,"parent":3255,"menu_order":0,"comment_status":"closed","ping_status":"closed","template":"","meta":{"footnotes":""},"class_list":["post-26748","page","type-page","status-publish","has-post-thumbnail","hentry"],"_links":{"self":[{"href":"https:\/\/marylandefc.org\/it\/wp-json\/wp\/v2\/pages\/26748","targetHints":{"allow":["GET"]}}],"collection":[{"href":"https:\/\/marylandefc.org\/it\/wp-json\/wp\/v2\/pages"}],"about":[{"href":"https:\/\/marylandefc.org\/it\/wp-json\/wp\/v2\/types\/page"}],"author":[{"embeddable":true,"href":"https:\/\/marylandefc.org\/it\/wp-json\/wp\/v2\/users\/1"}],"replies":[{"embeddable":true,"href":"https:\/\/marylandefc.org\/it\/wp-json\/wp\/v2\/comments?post=26748"}],"version-history":[{"count":0,"href":"https:\/\/marylandefc.org\/it\/wp-json\/wp\/v2\/pages\/26748\/revisions"}],"up":[{"embeddable":true,"href":"https:\/\/marylandefc.org\/it\/wp-json\/wp\/v2\/pages\/3255"}],"wp:featuredmedia":[{"embeddable":true,"href":"https:\/\/marylandefc.org\/it\/wp-json\/wp\/v2\/media\/27091"}],"wp:attachment":[{"href":"https:\/\/marylandefc.org\/it\/wp-json\/wp\/v2\/media?parent=26748"}],"curies":[{"name":"wp","href":"https:\/\/api.w.org\/{rel}","templated":true}]}}

<figure itemscope itemtype="https://schema.org/ImageObject">
				<img decoding="async" src="https://marylandefc.org/wp-content/uploads/2024/01/Legislative-impact-Essentials-for-childhood-Maryland-.jpeg" alt="EFC members and partners standing in the Maryland legislature" height="1536" width="2048" title="Impatto legislativo - Elementi essenziali per l&#039;infanzia nel Maryland" onerror="this.style.display='none'" loading="lazy" />
	</figure>
	<h1>IMPATTO POLITICO RECENTE</h1>
	<h2>Impatto politico</h2>
<p>Maryland Essentials for Childhood apprezza ogni azione legislativa, esecutiva e giudiziaria che contribuisca a migliorare i nostri sistemi e fornisca indicazioni alle nostre agenzie. Crediamo che ogni politica che definiamo debba promuovere uno sviluppo sano e ridurre inutili oneri per i bambini e gli adulti che li circondano.</p>
<p>Tre recenti successi che dimostrano tale impatto: </p>
<ul>
<li aria-level="1">Legge Time to Care del 2022 </li>
<li aria-level="1">La legge sulle vittime minorenni del 2023 </li>
<li aria-level="1">Legge sulla guarigione dei traumi del Maryland del 2021</li>
</ul>
		<h2><a href="https://legiscan.com/MD/bill/HB1/2023" target="_blank" rel="noopener">La legge sulle vittime minorenni del 2023</a></h2><h3>Rimosso il termine di prescrizione per le denunce di abusi sessuali su minori</h3>
<p>Lo sforzo per approvare il Child Victims Act ha richiesto anni di tenacia e coraggio da parte dei sopravvissuti agli abusi sessuali su minori. Sotto la guida di Maryland Essentials for Childhood e Justice4MDSurvivors, un gruppo guidato da volontari composto da sopravvissuti, attivisti, organizzazioni e legislatori, si è impegnato a creare una legislazione che garantisse l&#039;accesso alla giustizia ai sopravvissuti agli abusi sessuali su minori e <strong>impedisce in primo luogo che si verifichino abusi sessuali sui minori.</strong> </p>
<p><strong>La nuova legge elimina il termine di prescrizione per le denunce civili per abusi sessuali su minori e apre una finestra di ripresa permanente.</strong> Ciò offre agli adulti che sono stati ostacolati da precedenti statuti l&#039;opportunità di intentare causa quando sono pronti. Le cause civili offrono al pubblico un maggiore livello di trasparenza. <strong>non solo sui presunti abusatori, ma anche sulle istituzioni che avrebbero potuto impedire che gli abusi si verificassero. </strong></p>
<p>Questa legge offre un&#039;ulteriore opportunità alle istituzioni pubbliche e private di rivedere le proprie politiche e procedure per la prevenzione degli abusi sessuali sui minori. <strong>Offre inoltre l&#039;opportunità di chiedere conto delle mancanze di quelle stesse istituzioni che non hanno fatto abbastanza per garantire la sicurezza dei bambini. </strong></p>
			<a href="https://legiscan.com/MD/bill/HB1/2023" target="_blank" rel="noopener">
						Leggi la legge
					</a>
<figure itemscope itemtype="https://schema.org/ImageObject">
				<img decoding="async" src="https://marylandefc.org/wp-content/uploads/2024/02/Kathryn-Robb-and-Delegate-CT-Wilson-scaled.jpg" alt="Kathryn Robb and Delegate CT Wilson" height="2560" width="1932" title="Kathryn Robb e il delegato CT Wilson" onerror="this.style.display='none'" loading="lazy" />
		<figcaption>Kathryn Robb e il delegato CT Wilson</figcaption>
	</figure>
	<h3>Kathryn Robb<br />
Direttore esecutivo Child USAdvocacy</h3>
<blockquote><p>Il Maryland Child Victims Act è uno dei migliori del Paese perché non solo garantisce giustizia a tutti i sopravvissuti, ma protegge anche i bambini in futuro.</p></blockquote>
<h3>
			Il Child Victims Act è promosso da	</h3>
<figure itemscope itemtype="https://schema.org/ImageObject">
				<img decoding="async" src="https://marylandefc.org/wp-content/uploads/2024/01/MEFC_Logo-RGB.svg" alt="Maryland Essentials for Childhood logo" height="247" width="758" title="MEFC_Logo-RGB" onerror="this.style.display='none'" loading="lazy" />
	</figure>
<figure itemscope itemtype="https://schema.org/ImageObject">
				<img decoding="async" src="https://marylandefc.org/wp-content/uploads/2024/01/J4MDS_logo.webp" alt="Justice 4 MD Survivors logo" height="216" width="570" title="Logo_J4MDS" onerror="this.style.display='none'" loading="lazy" />
	</figure>
		<h2><a href="https://legiscan.com/MD/bill/SB275/2022" target="_blank" rel="noopener">Legge Time to Care del 2022</a></h2><h3>Congedo familiare e medico retribuito</h3>
<p>Sotto la guida del Maryland Family Network e di altre organizzazioni chiave, <a href="https://www.timetocare.net/" target="_blank" rel="noopener">Coalizione Time to Care</a> ha riunito individui, organizzazioni e legislatori che per anni si sono battuti per creare un consenso attorno a un provvedimento legislativo che avrebbe avuto un impatto positivo sulle famiglie per generazioni. </p>
<p>Maryland Essentials for Childhood e i nostri partner sono orgogliosi di essere membri della coalizione e di contribuire con le loro voci e i loro sforzi a rendere il congedo parentale retribuito una realtà nel Maryland.</p>
<p>La nuova legge crea un <b>un fondo assicurativo che fornisca una sostituzione parziale della retribuzione ai lavoratori che si assentano dal lavoro per prendersi cura di neonati, di persone care con gravi problemi di salute o disabilità, o di se stessi.</b></p>
			<a href="https://legiscan.com/MD/bill/SB275/2022" target="_blank" rel="noopener">
						Leggi la legge
					</a>
	<p>Sappiamo che il congedo retribuito per le neomamme è un fattore che contribuisce a migliorare la salute fisica e mentale della mamma e del neonato. </p>
<p><strong>Il congedo retribuito è vantaggioso per le famiglie, consentendo loro di dedicare tempo ai rapporti sociali ed emotivi durante le prime settimane trascorse insieme come famiglia. </strong></p>
<figure data-animation-delay="0" data-animation-duration="1" itemscope itemtype="https://schema.org/ImageObject">
				<img decoding="async" src="https://marylandefc.org/wp-content/uploads/2024/02/Parents-at-home-in-nursery-with-child-on-paid-time-off.jpg" alt="Parents in nursery with child" height="800" width="1200" title="Genitori a casa all&#039;asilo nido con il bambino in ferie retribuite" onerror="this.style.display='none'" loading="lazy" />
	</figure>
<figure itemscope itemtype="https://schema.org/ImageObject">
				<img decoding="async" src="https://marylandefc.org/wp-content/uploads/2024/01/ashley-schappell.jpeg" alt="Ashley Schappell photo" height="800" width="800" title="Ashley Schappell" onerror="this.style.display='none'" loading="lazy" />
	</figure>
<h4>
			Ashely Schappell D&#039;Inverno, PhD	</h4>
<h5>
			Divisione di prevenzione della violenza presso i Centri per il controllo e la prevenzione delle malattie	</h5>
	<blockquote><p>Il congedo parentale retribuito può ridurre lo stress finanziario, consentire ai genitori di concentrarsi sul legame con i figli e aumentare la parità di genere quando i padri hanno più tempo per partecipare alle attività di cura dei figli.</p>
<p>Tutti questi effetti positivi si riversano a beneficio del bambino e della famiglia nel suo complesso.</p></blockquote>
			<a href="https://paidleave.maryland.gov/Pages/default.aspx" target="_blank" rel="noopener">
						Saperne di più
					</a>
<h3>
			L&#039;iniziativa Time to Care è promossa da:	</h3>
<figure itemscope itemtype="https://schema.org/ImageObject">
				<img decoding="async" src="https://marylandefc.org/wp-content/uploads/2024/01/Time-to-Care-Logo.png" alt="Time to Care Logo" height="1120" width="1120" title="Logo &quot;Tempo di prendersi cura&quot;" onerror="this.style.display='none'" loading="lazy" />
	</figure>
<figure itemscope itemtype="https://schema.org/ImageObject">
				<img decoding="async" src="https://marylandefc.org/wp-content/uploads/2024/01/Marylanf-Family-Network-Logo.jpg" alt="Maryland Family Network logo" height="259" width="477" title="Logo della rete familiare Marylanf" onerror="this.style.display='none'" loading="lazy" />
	</figure>
	<h2>Legge sulla guarigione dei traumi del Maryland del 2021</h2>
<h2>Commissione per l&#039;assistenza informata sui traumi</h2>
<p>Nel 2021, l&#039;allora governatore Larry Hogan ha emesso un ordine esecutivo sulle esperienze negative durante l&#039;infanzia. </p>
		<h3>Il 6 maggio è la giornata di sensibilizzazione sulle esperienze infantili negative</h3>	
	<figure itemscope itemtype="https://schema.org/ImageObject">
				<img decoding="async" src="https://marylandefc.org/wp-content/uploads/2024/02/Person-holding-someones-hand-to-comfort-during-trauma.jpg" alt="Person holding someones hand to comfort during trauma" height="800" width="1200" title="Persona che tiene la mano di qualcuno per confortarlo durante un trauma" onerror="this.style.display='none'" loading="lazy" />
	</figure>
	<h3>Commissione per l&#039;assistenza informata sui traumi</h3>
<p>Nello stesso mese, l&#039;Assemblea generale del Maryland ha approvato una legge che istituisce la Commissione per l&#039;assistenza informata sui traumi.</p>
<p>Il ruolo della Commissione è quello di coordinare un&#039;iniziativa a livello statale per dare priorità all&#039;erogazione di servizi statali che rispondano ai traumi e siano informati sui traumi e che interessino bambini, giovani, famiglie e anziani. </p>
<p>Nel 2022, il governatore Wes Moore è diventato il primo candidato a livello nazionale per una carica politica di alto livello a creare un programma di campagna elettorale su ACE e traumi.</p>
<h3>
			Continua a leggere	</h3>
			<a href="https://goccp.maryland.gov/councils-commissions-and-workgroups/commission-on-trauma-informed-care/" target="_blank" rel="noopener">
						Continua a leggere sulla Commissione del Maryland per l&#039;assistenza informata sui traumi
					</a>
			<a href="https://legiscan.com/MD/bill/HB548/2021" target="_blank" rel="noopener">
						2021: Commissione per la cura informata sui traumi e formazione (Healing Maryland&#039;s Trauma Act) HB548 / SB299
					</a>
			<a href="/wp-content/uploads/2024/01/Maryland-Governors-ACEs-Executive-Order-5-6-21.pdf"  target="_blank" rel="noopener">
						Leggi l&#039;ordine esecutivo del governatore Hogan
					</a>
			<a href="https://wesmoore.com/wp-content/uploads/2022/06/Wes-Moore-For-Maryland-Trauma-Informed-Care-One-Pager.pdf%20" target="_blank" rel="noopener">
						Leggi la piattaforma della campagna ACE e Trauma del governatore Moore
					</a>
